se 181 = -3*g + 445. Calculate the highest common factor of c and g.
8
Let g(y) = -y**3 - 24*y**2 - 34*y - 64. Let p be g(-23). Calculate the greatest common divisor of 540 and p.
27
Let y = -11652 + 11787. What is the highest common divisor of 225 and y?
45
Suppose -4*x = -3*b - 48, -4*x + 3*b = -b - 48. Let q be 12420/100 + x/15. What is the highest common factor of q and 175?
25
Let x(j) = j**3 - 11*j**2 + 7*j + 4. Let l be x(8). Let o = l - -209. Suppose -o*f + 72*f + 30 = 0. What is the greatest common factor of f and 1?
1
Let n = 202 + -166. Suppose 9 = t + 17. Let u be ((-16)/6 - 0)*n/t. Calculate the greatest common divisor of 108 and u.
12
Let m be 9/(1368/2720) + (-2)/(-19). Suppose 14*h + 300 = m*h. What is the highest common factor of h and 50?
25
Suppose 372344 = 123*s - 99711 - 92146. What is the greatest common factor of 99 and s?
33
Let y be (-3152)/(-288) + 1/18. Calculate the highest common divisor of 5115 and y.
11
Let a be (-1)/(-3) + (-4)/(-6). Suppose 0 = -11*w + 2168 - 397. Suppose 157*o - w*o + 44 = 0. What is the greatest common divisor of a and o?
1
Suppose -3*c - 50 = -5*c. Let d(r) = -2505*r - 2430. Let u be d(-1). Calculate the highest common factor of u and c.
25
Suppose -89*n - 38*n = -271780. What is the highest common divisor of 5 and n?
5
Suppose -5*n + 4*n = 3*l - 23, 4*l - 28 = -2*n. Let y(g) = g + 1. Let i be y(-11). Let v be (4/i)/((-48)/120). Calculate the highest common factor of v and l.
1
Suppose 33*l - 15487 - 67292 = 5199. What is the highest common divisor of l and 258?
86
Let z = -40 - -6. Let v = -29 - z. Suppose a = -p + 2*a + 2, -4*a = -v*p + 9. Calculate the highest common divisor of 2 and p.
1
Let u be ((-6)/4)/(7/(339192/(-27))). What is the greatest common factor of 4 and u?
4
Let r be (38/(-8) - -5)*-4*-99. Suppose r*n = 90*n + 261. What is the greatest common divisor of n and 783?
29
Suppose 4*v = 3*v - 5, -v = 3*f - 25. Let x = -100 + 99. Let q be 1/((x/(-40))/(26/8)). Calculate the highest common factor of f and q.
10
Let v be (255/34)/((-1)/(-2)). Let r be (39/(-6))/1*(-3 - v). Calculate the greatest common divisor of 156 and r.
39
Let z be -1 + 1364/16 - (-22)/(-88). Calculate the highest common factor of 483 and z.
21
Suppose -5*x + 16*a + 30 = 11*a, 3*a = 4*x - 21. Calculate the greatest common divisor of 75 and x.
3
Let b = 41 + -36. Suppose -370 + 130 = -b*f. Suppose -4*a - v = -0*v - 11, -3*v + 5 = 5*a. What is the greatest common factor of f and a?
4
Suppose 5*g - 2398 - 2831 = -3*c, 0 = c + 2*g - 1742. Calculate the highest common divisor of c and 76.
76
Suppose -47058 = 38*r - 48426. Let j(a) = 683*a**2 - 2*a - 1. Let o be j(-1). Calculate the greatest common divisor of o and r.
36
Let a be 1549 + 9/(-63)*(-1 + -6). What is the greatest common divisor of 186 and a?
62
Let a be 0/(-9)*1/(-2). Suppose -4 = -l - a. Suppose c - l*c + 2*n = -384, -3*c - 2*n + 372 = 0. What is the greatest common divisor of 14 and c?
14
Let k = -36417 + 36491. Calculate the highest common divisor of 55278 and k.
74
Let a = 1 + 26. Suppose a*g = 22*g + 2185. Suppose 2*v - 4*r = -0*r + 294, -4*r - g = -3*v. Calculate the highest common divisor of 13 and v.
13
Let h(n) = -1 + 136*n + 1 - 29*n. Let d be h(-2). Let c = -114 - d. What is the highest common factor of c and 25?
25
Suppose 37 = -8*d + 13. Let i be 10/((-10)/d) + 27. What is the highest common factor of 54 and i?
6
Let n be 0 + -5 + (113 - (5 + 0)). Let l = 194 - n. What is the greatest common factor of l and 7?
7
Let k be (-15)/(-2) - 27/18. Let n(l) = l**2 + 4*l - 2. Let x be n(-6). Let f = x + 14. Calculate the highest common factor of k and f.
6
Suppose 7287 = 3*a + 33*i - 32*i, 4*i = -5*a + 12138. Calculate the highest common factor of a and 54.
54
Let z be (2 + (-140)/50)/((-2)/340). Suppose -3*w - 27 = -4*w + 3*n, 4*w - z = 5*n. What is the highest common factor of 429 and w?
39
Let h(d) = 46*d - 94. Suppose -s - 10*y = -7*y - 19, -3*s + 17 = y. Let w be h(s). What is the greatest common factor of 45 and w?
45
Suppose u - 2*u - 955 = -3*r, -2*r - 2*u + 642 = 0. Let b = r - 148. What is the greatest common factor of b and 19?
19
Suppose -35*s + 185 + 325 = -50. Calculate the greatest common divisor of 4344 and s.
8
Suppose 17*v = 540 - 11624. Let l = 728 + v. What is the greatest common factor of l and 1?
1
Let i(f) = 57*f**2 + 2*f + 6. Let s be i(7). Suppose -b = -z + 410 + 147, -s = -5*z - 2*b. What is the highest common divisor of 51 and z?
51
Let z = 1234 + -301. Let j = -438 + z. Suppose 7*f - j = 4*f. Calculate the greatest common divisor of f and 15.
15
Let g(i) = 40*i**3 + 9*i**2 + 6*i - 13. Let f be g(4). Suppose -15*b - 510 = -f. Calculate the highest common factor of b and 42.
21
Suppose -186*h + 940500 = 194*h. Calculate the highest common factor of h and 110.
55
Suppose 219*n = 214*n - 2*a + 152, -5*n - 4*a + 144 = 0. Calculate the greatest common factor of 2800 and n.
16
Let i(v) = v**3 + 0*v**3 - 3*v + 16 - 2 - 18. Let h be i(3). What is the greatest common factor of h and 175?
7
Suppose i = z + 931, 11*z = -5*i + 14*z + 4663. What is the greatest common factor of i and 352?
11
Let q be 266/(-12)*2*216/(-252). Let g = -329 + 671. Calculate the greatest common divisor of q and g.
38
Let m = 109 + -106. Suppose m*x - 4*n - n = 38, -x - 3*n + 36 = 0. What is the greatest common divisor of 63 and x?
21
Suppose 2*c + 6*c = 352. Suppose 0*a - 5*a + 3*f = -c, 3*f = -9. What is the greatest common divisor of 56 and a?
7
Let u(l) = 27 + 2*l**3 + 15*l**2 - 329*l + 356*l - l**3. Let w be u(-13). What is the highest common factor of 203 and w?
7
Suppose 5*y - 2201 = 4*r, 3563 - 1361 = 5*y - 3*r. Calculate the greatest common divisor of y and 6363.
63
Let c(l) = -l**3 + 24*l**2 - 87*l - 21. Let y be c(5). What is the highest common factor of y and 2432?
19
Let s(w) = 6*w**2 - 6 - 20*w**2 + w + 16*w**2. Let i be s(2). Suppose -5*t + 3*o + 24 = -2*t, 5*t + i*o = 31. Calculate the greatest common factor of t and 119.
7
Let u = -64546 + 112774. Calculate the highest common divisor of u and 12.
12
Let s(h) = 348*h**2 - 9*h - 2. Let n be s(-1). Let k = -339 + n. What is the highest common factor of k and 320?
16
Let q = -977 + 1447. Calculate the highest common divisor of q and 30.
10
Let f(y) = 2*y + 2445 - 2432 - y. Let j be f(-3). Let t be 12*((-175)/j)/(-5). What is the highest common divisor of 105 and t?
21
Suppose -4*a = 4*o - 1054 - 986, 2*o - 1050 = 3*a. What is the highest common factor of 3268 and o?
172
Let p be (-23 - -13)*(-3)/6. Suppose 5*o - 1 = 5*u + 4, 0 = p*o + u - 23. Calculate the highest common divisor of 20 and o.
4
Let b be (-1 - -4) + (-91 - -95). Suppose -4 = -3*h + 2*s, 3*h + 2 = -s + 9. Let x be -7*3*h/(-6). Calculate the highest common factor of x and b.
7
Let g = -2964 - -2995. What is the highest common factor of g and 7998?
31
Let t be (-32886)/(-70) - (-171)/(-95). What is the highest common factor of 572 and t?
52
Suppose 5*g + 24 = 4*g. Let u = -14 - g. Let c be (-3)/(-15) - (-88)/u. What is the greatest common factor of 63 and c?
9
Let t(v) = -675*v - 200. Let p be t(-14). Calculate the greatest common divisor of p and 50.
50
Let c = 271 + 35. Suppose -416*r + 152*r = -4752. What is the greatest common factor of r and c?
18
Suppose -h + 27 = -9. Suppose 0 = -5*x - 4*w - w + 270, -270 = -5*x - 2*w. What is the highest common factor of x and h?
18
Let a(s) be the first derivative of 23*s**3/3 - 7*s**2/2 - 18*s + 11. Let o be a(-3). Calculate the greatest common divisor of o and 70.
70
Suppose -11169 = 4430*v - 4481*v. Calculate the greatest common factor of 3504 and v.
219
Let o(y) = y - 27. Let p be o(25). Let q be (15 - (p + 2 - 0))*1. Calculate the highest common divisor of q and 20.
5
Let k = -607 + 795. What is the greatest common factor of 1363 and k?
47
Let h(o) = 2*o**3 - 4*o**2 + 514*o - 1026. Let g be h(2). Let w(b) = b**3 + 4*b**2 - 4*b - 1. Let l be w(3). What is the highest common divisor of g and l?
2
Let t(w) = 3*w + 47. Let z be t(-11). What is the greatest common divisor of 3570 and z?
14
Suppose 10056*d = 10086*d - 24600. Calculate the highest common factor of 310 and d.
10
Let v = 351 - 353. Let m be 1172/(-293) + v*(-1 + -17). What is the greatest common divisor of m and 32?
32
Suppo